et z(p) = -p + 9. Let v(m) = 3*h(m) - 16*z(m). Let t be v(-12). What is the tens digit of (-1 - t/(-4))*4?
1
Let i = 19 + -4. Let d = 12 - 3. What is the units digit of d/i - 4/(-10)?
1
Suppose 4*r = v + 13 + 2, -5*r - 3*v = -40. Suppose -5*y = 5*c - 55, -c - 15 = r*y - 46. What is the units digit of c?
6
Suppose 43*j - 37*j = 2196. What is the units digit of j?
6
Let v(t) be the first derivative of t**3/3 + t**2/2 + 3*t - 3. Let s be v(3). Suppose 0*k - k + s = 0. What is the tens digit of k?
1
Let a(w) = w**3 - w**2 - 3*w + 2. Let f be a(2). Suppose f*n + 39 = 3*n. What is the tens digit of n?
1
Let l be (3 - 3)*3/(-9). Suppose -2*h + 5*h - 72 = l. What is the tens digit of h?
2
Let l(y) = 22*y - 5. Let g be l(11). Suppose -5*w - 5*f + 32 = -233, g = 5*w - 2*f. What is the tens digit of w?
4
Suppose 0 = -2*m + 3*j + 22, 3*m + 4*j = 2*j + 7. Let u be ((-4)/10)/((-9)/(-45)). Let h = m - u. What is the units digit of h?
7
What is the units digit of (2 - 3)*(-2 + -50)?
2
Let o = -1 - -4. Suppose -6 = -3*h + y + 7, 3*y = 3*h - o. Let q(m) = 2*m - 2. What is the tens digit of q(h)?
1
Let y(z) = z**2 + 7*z + 6. Let m be y(-7). Suppose -m*p = -p - 15. Let k = 11 - p. What is the units digit of k?
8
Suppose f = 4*z - 2*f - 498, -370 = -3*z + 4*f. What is the hundreds digit of z?
1
Let g(w) = -w**3 + 8*w**2 - 6*w + 4. Let t be g(5). Let k = t + -24. What is the units digit of k?
5
Let r(z) = -16*z + 2. Let n be ((-1)/(-2))/(2/(-4)). What is the units digit of r(n)?
8
Let a(r) be the third derivative of -r**6/120 - 11*r**5/60 - 11*r**4/24 + r**3 - 2*r**2. What is the units digit of a(-10)?
6
Let c = 14 + -10. Suppose 0 = -5*v + 20, 5*m - v = 3*v + 174. Suppose 2*n - m = -4*z + 5*n, c = 2*n. What is the tens digit of z?
1
What is the tens digit of (-5)/20*-2 - 101/(-2)?
5
Let n = 4 - 4. Let d = -1 - n. What is the units digit of (d - 8)*2/(-6)?
3
Suppose 4*r - 9*r = -45. Let w = r - 5. What is the units digit of w?
4
Let o(d) = -d**3 - 2*d**2 + 7*d. Let w(n) = 3*n**3 + 7*n**2 - 20*n - 1. Let h(l) = 8*o(l) + 3*w(l). What is the units digit of h(-4)?
9
Suppose -2*a = -5*q - 4*a + 150, -q - 2*a + 30 = 0. What is the units digit of q?
0
Suppose -12 = -p - 3*p. Suppose 5*c = p*i - 44, 3*c = -i + 2*i - 12. What is the tens digit of i?
1
Suppose 0 = 2*d - 3*d + v + 3, 0 = 3*d - 4*v - 7. Let n = -4 + d. What is the units digit of n?
1
What is the units digit of (-1)/2*(3 + -61)?
9
Suppose 2*p = -8 - 2. Let k = p - -8. Suppose 4*u + t - 82 = -t, 0 = -2*u - k*t + 47. What is the units digit of u?
9
Suppose 1452 = 9*w + 3*w. What is the tens digit of w?
2
Let v = -33 + 54. Let h be v/(-14)*(-4)/(-3). What is the units digit of (-575)/(-65) - h/13?
9
Suppose -2*i = -3*h - 0*i + 220, -5*i = -2*h + 143. What is the tens digit of h?
7
Suppose 10 = -2*m - p + 75, 67 = 2*m + 3*p. What is the tens digit of m?
3
Let q = 5 - 2. Suppose q = -y + 4*y. What is the units digit of (3 - y) + (-1 - -1)?
2
Let b(m) = 2*m**2 + 7*m + 1. Let k(h) = -h**2 - 2*h + 3. Let q be k(-4). Let f be b(q). What is the units digit of (f/(-3))/((-4)/6)?
8
Suppose 3*a - 2 = 1. Suppose a + 19 = 5*u. Suppose -4*l - 4 - 8 = -u*z, z = -4*l + 28. What is the units digit of z?
8
Let l = -69 + 80. What is the tens digit of l?
1
What is the tens digit of (-1 + -1 + 9)*10?
7
Suppose 0 = -2*z + 3*o - 3, 12 = -z + o + 4*o. Suppose 5*p - 42 = 2*n, -p - 2*p = z*n - 42. What is the units digit of p?
0
Let g(w) = 2*w**2 + 20*w - 9. What is the tens digit of g(-12)?
3
Let y be -11*1/(3 - 2). What is the units digit of 2/(-4) - y/2?
5
Let f(b) = -b**2 - 5*b - 4. Let j be f(-4). Suppose j*c - 12 = -2*c. Let u(n) = n - 5. What is the units digit of u(c)?
1
Suppose -23*v + 465 = -18*v. What is the tens digit of v?
9
Let o = -39 - -36. Let a(b) = 4*b**2 - 3*b + b**3 + 0*b + 4*b - 4. What is the units digit of a(o)?
2
Let r = -6 + 8. Suppose 5*b = -4*s + 72, -3*s = r*s - 2*b - 123. Let h = -14 + s. What is the units digit of h?
9
Let h(t) = -t. Let v be h(-2). Let z be (-10)/(12/3 - v). Let o = 20 + z. What is the units digit of o?
5
Suppose 3*v = 2*c - 6, -c + v + 0 = -4. Let j = -36 + 50. Suppose j = 2*y + c. What is the units digit of y?
4
Suppose 0 = -q + 4*m, 5*q - 4*m + 3 + 13 = 0. What is the units digit of ((-1)/q)/(1/28)?
7
Let f(p) = -p**2 + 11*p - 16. Let z be f(11). What is the tens digit of 0 - 3 - (3 + z)?
1
Suppose -10 = f + f. Let j(y) = y**3 + 5*y**2 - 4*y - 4. What is the units digit of j(f)?
6
Let y(v) = 4*v**3 - 2*v**2 - 2. Let q be y(2). What is the units digit of 4/q + (-324)/(-33)?
0
Let c be (6 - 1) + (-6)/6. Suppose 0 = -f + c + 9. What is the units digit of f?
3
Let g = -27 - -62. What is the units digit of g?
5
Suppose -x + 127 = -3*a, x = -a + 77 + 34. What is the tens digit of x?
1
Let d = 9 + 71. What is the tens digit of d?
8
Let o(m) = -m**3 + 3*m**2 + 3*m + 2. Let k be o(4). Let w be (-28)/(-3) - k/(-6). Let u = w - 5. What is the units digit of u?
4
Let p = -1 - -5. Let u be (6/(-1))/(8/36). What is the units digit of 1/p + u/(-4)?
7
Suppose -18*d + 19*d = 270. What is the hundreds digit of d?
2
Let j = -1 - 0. Let l = j - 7. Let a = -5 - l. What is the units digit of a?
3
Suppose 0 = -q - q - 2*x + 74, -3*q = 2*x - 107. What is the units digit of q?
3
Suppose f = 2*g - 23, 3*g - f = -2*f + 27. Suppose 0 = 2*m + 2*d - 14, d + d = g. Suppose 5*k - 3*k = m. What is the units digit of k?
1
Suppose -f - q + 36 = 3*q, 33 = f + q. What is the tens digit of f?
3
Let a = -18 - -11. Let m = 11 + a. What is the units digit of m?
4
Suppose -2*s + 3 = q - 0, 0 = 2*s + 10. What is the units digit of q?
3
Suppose -4*m + 278 = -2*g + 10, -m + 73 = -2*g. What is the tens digit of m?
6
Let z(r) = 18*r**3 - r**2 + r - 1. What is the tens digit of z(1)?
1
Suppose 0 = 2*m + 3*o - 37, -o + 12 = 2*m - 3*o. What is the tens digit of m?
1
Let o = 48 - 14. Let c = -16 + o. What is the units digit of c?
8
Let u = -29 + 2. Let p = 55 + u. What is the units digit of p?
8
Suppose -4*b = 3*m + 157 + 17, -2*m - 116 = 2*b. What is the tens digit of m/(-5) + (-6)/(-15)?
1
Suppose 0 = -d + 2*d - 15. Suppose 3*w = 8*w - d. Suppose k = -2*i + 13, w*i + 4*k + 0*k = 22. What is the units digit of i?
6
Let c be (1/2)/(3/24). Suppose c = -0*m + m. Suppose -m*g = -9*g + 25. What is the units digit of g?
5
Let g = 13 - 9. Suppose p = g*j - 155, 3*j = p - 11 + 128. What is the units digit of j?
8
Let v(h) = -3*h**3 - 1. Let s be v(-1). Suppose -4*a + 74 = s*b - 12, 5*b + 3*a - 229 = 0. What is the tens digit of b?
4
Let g(l) be the second derivative of -1/20*l**5 - l**3 - 3*l + 7/12*l**4 + l**2 + 0. What is the units digit of g(6)?
2
Let t(b) = -b + 6. Let o be t(6). Suppose 20 = -o*s + 2*s. Suppose 0 = 5*r + s, -l + 4*r = -4*l - 5. What is the units digit of l?
1
Suppose -3*h - 8 = -2*s, 2*s = 5*h + 7*s + 55. Let i = 5 - 13. Let q = h - i. What is the units digit of q?
2
What is the hundreds digit of (54/(-4))/((-1)/(4 + 8))?
1
Suppose l - 6*l + 15 = 0. Suppose l*g = g - 20. Let q = 18 + g. What is the units digit of q?
8
What is the units digit of 79 - (-2)/(2/1)?
0
Let p be 5 + -1 - 2/2. Let z(y) = -9*y**3 + y**2. Let t(j) = -5*j**3. Let r(w) = -7*t(w) + 4*z(w). What is the units digit of r(p)?
9
Let s = 8 - 11. Let j = s - 1. What is the tens digit of 96/18*(-9)/j?
1
Let o = -2 - 6. Let j be 0 - -10 - (o + 9). Suppose 3*b + 0*b - j = 0. What is the units digit of b?
3
Suppose -2*d + 13 = 3*i, 3*i + 0 = 3*d + 3. Let a(j) = -1 + 0*j + 7*j**2 - d*j + 4*j**2 + 2. What is the units digit of a(1)?
0
Let n = 20 + -13. Let p be (-2)/n - 48/(-21). Let u = 8 - p. What is the units digit of u?
6
Let s(v) = -3*v - 1. Let f be s(-1). Suppose -164 = -5*m + f*z, 5*m + 2*z - z - 158 = 0. What is the units digit of m?
2
Let p(i) be the second derivative of -i**4/12 - i**3 + 5*i**2/2 - 3*i. What is the units digit of p(-6)?
5
Let t be 4/(-6)*156/(-8). Let n = t + 4. What is the tens digit of n?
1
Let u(c) = 2*c**2 + 3*c - 5. Let s be u(4). Suppose -s = 4*m - m. Let z = -7 - m. What is the units digit of z?
6
Let l(c) be the second derivative of c**4/12 - 5*c**3/6 - 3*c**2 - 3*c. What is the units digit of l(7)?
8
Let v(f) = -2*f**3 + 3*f**2 - f. Let k be v(2). What is the tens digit of (-9)/k*6 - -3?
1
Let h(k) = 4*k + 12. What is the t